{"id":12,"date":"2019-05-08T17:45:27","date_gmt":"2019-05-08T21:45:27","guid":{"rendered":"https:\/\/calacslancrage.ca\/en\/?page_id=12"},"modified":"2020-04-13T13:02:31","modified_gmt":"2020-04-13T17:02:31","slug":"history","status":"publish","type":"page","link":"https:\/\/calacslancrage.ca\/en\/history\/","title":{"rendered":"History"},"content":{"rendered":"\n\t\t\t\t<img loading=\"lazy\" decoding=\"async\" src=\"https:\/\/calacslancrage.ca\/en\/wp-content\/uploads\/2020\/03\/favicon-e1569465292995.png\" alt=\"favicon-e1569465292995\" itemprop=\"image\" height=\"50\" width=\"50\" title=\"favicon-e1569465292995\" onerror=\"this.style.display='none'\"  \/>\n<h1>\n\t\tHistory\n\t<\/h1>\n\t<p>The origins of support work for women who have experienced sexual violence date back to the early days of the women\u2019s movement beginning in the 1960s. As the feminist movement was rising, autonomous groups launched shelters for women and children who were experiencing domestic violence, as well as women\u2019s centres and sexual violence support and prevention centres.<\/p>\n<p>This is the context into which the first CALACS was born, in 1975. The Centre d\u2019aide aux victimes d\u2019agression sexuelle de Lanaudi\u00e8re et des Laurentides (CAVAS-LL) was incorporated in May 1986. At the time, it was associated with the Mitan, a shelter in Sainte-Th\u00e9r\u00e8se for women who were victims of domestic violence.<\/p>\n<p>In 1993, CAVAS-LL changed its name to CALACS-Laurentides, clarified its objectives, changed its operating approach and joined the Regroupement qu\u00e9b\u00e9cois des CALACS. At the same time, demand arose for the creation of a CALACS in the Lanaudi\u00e8re region. The next year, women from the Hautes-Laurentides region, concerned about the inaccessibility of services, took steps to obtain funding to develop activities in the more northern part of the Laurentides.<\/p>\n<p>Following the demands made at the World March of Women in 2000 and the recommendations of the Regroupement qu\u00e9b\u00e9cois des CALACS, the needs of the Hautes-Laurentides were recognized, and \u00c9lan-CALACS was created. CALACS-Laurentides, for its part, focused its activities on the six regional county municipalities (RCMs) south of Sainte-Agathe-des-Monts. In January 2003, CALACS-Laurentides purchased a property and set up its new facilities.<\/p>\n<p>After having experimented with setting up points of service, and following various internal challenges, CALACS completed a review of its operating approach. Since 2016, CALACS-Laurentides has been undergoing an organizational restructuring process that includes several ongoing elements. In 2019, the organization changed its identity to become CALACS L\u2019Ancrage.<\/p>\n","protected":false},"excerpt":{"rendered":"<p>History The origins of support work for women who have experienced sexual violence date back to the early days of the women\u2019s movement beginning in the 1960s. As the feminist movement was rising, autonomous groups launched shelters for women and children who were experiencing domestic violence, as well as women\u2019s centres and sexual violence support&hellip;<\/p>\n","protected":false},"author":3,"featured_media":0,"parent":0,"menu_order":0,"comment_status":"closed","ping_status":"closed","template":"","meta":{"footnotes":""},"class_list":["post-12","page","type-page","status-publish","hentry"],"_links":{"self":[{"href":"https:\/\/calacslancrage.ca\/en\/wp-json\/wp\/v2\/pages\/12","targetHints":{"allow":["GET"]}}],"collection":[{"href":"https:\/\/calacslancrage.ca\/en\/wp-json\/wp\/v2\/pages"}],"about":[{"href":"https:\/\/calacslancrage.ca\/en\/wp-json\/wp\/v2\/types\/page"}],"author":[{"embeddable":true,"href":"https:\/\/calacslancrage.ca\/en\/wp-json\/wp\/v2\/users\/3"}],"replies":[{"embeddable":true,"href":"https:\/\/calacslancrage.ca\/en\/wp-json\/wp\/v2\/comments?post=12"}],"version-history":[{"count":0,"href":"https:\/\/calacslancrage.ca\/en\/wp-json\/wp\/v2\/pages\/12\/revisions"}],"wp:attachment":[{"href":"https:\/\/calacslancrage.ca\/en\/wp-json\/wp\/v2\/media?parent=12"}],"curies":[{"name":"wp","href":"https:\/\/api.w.org\/{rel}","templated":true}]}}

<img loading="lazy" decoding="async" src="https://calacslancrage.ca/en/wp-content/uploads/2020/03/favicon-e1569465292995.png" alt="favicon-e1569465292995" itemprop="image" height="50" width="50" title="favicon-e1569465292995" onerror="this.style.display='none'"  />
<h1>
		History
	</h1>
	<p>The origins of support work for women who have experienced sexual violence date back to the early days of the women’s movement beginning in the 1960s. As the feminist movement was rising, autonomous groups launched shelters for women and children who were experiencing domestic violence, as well as women’s centres and sexual violence support and prevention centres.</p>
<p>This is the context into which the first CALACS was born, in 1975. The Centre d’aide aux victimes d’agression sexuelle de Lanaudière et des Laurentides (CAVAS-LL) was incorporated in May 1986. At the time, it was associated with the Mitan, a shelter in Sainte-Thérèse for women who were victims of domestic violence.</p>
<p>In 1993, CAVAS-LL changed its name to CALACS-Laurentides, clarified its objectives, changed its operating approach and joined the Regroupement québécois des CALACS. At the same time, demand arose for the creation of a CALACS in the Lanaudière region. The next year, women from the Hautes-Laurentides region, concerned about the inaccessibility of services, took steps to obtain funding to develop activities in the more northern part of the Laurentides.</p>
<p>Following the demands made at the World March of Women in 2000 and the recommendations of the Regroupement québécois des CALACS, the needs of the Hautes-Laurentides were recognized, and Élan-CALACS was created. CALACS-Laurentides, for its part, focused its activities on the six regional county municipalities (RCMs) south of Sainte-Agathe-des-Monts. In January 2003, CALACS-Laurentides purchased a property and set up its new facilities.</p>
<p>After having experimented with setting up points of service, and following various internal challenges, CALACS completed a review of its operating approach. Since 2016, CALACS-Laurentides has been undergoing an organizational restructuring process that includes several ongoing elements. In 2019, the organization changed its identity to become CALACS L’Ancrage.</p>
